ase 13, what is 7 - 2672c3?
-2672b9
In base 8, what is 31133026 - 3?
31133023
In base 7, what is 10620452 + -3?
10620446
In base 6, what is 110455101431 - 4?
110455101423
In base 12, what is 5 + -a2a6959?
-a2a6954
In base 8, what is 34 - 5137666?
-5137632
In base 6, what is -122045105 + 3?
-122045102
In base 14, what is -516 + -902?
-1018
In base 9, what is -561180 + 3401?
-556678
In base 5, what is 43134303 - -1033?
43140341
In base 5, what is 2020 - -2120014?
2122034
In base 4, what is 3 - -2200101311?
2200101320
In base 14, what is -ca8 + 648b?
55c3
In base 14, what is 0 + -72c4c?
-72c4c
In base 6, what is 4322 + 410315?
415041
In base 12, what is -748168b4 + -5?
-748168b9
In base 6, what is 21053411152 + 2?
21053411154
In base 5, what is 244021200 + -44?
244021101
In base 14, what is -8 - -1070d1?
1070c7
In base 7, what is -4 + 155113256?
155113252
In base 14, what is 4b0c9b1b + 0?
4b0c9b1b
In base 9, what is -184360 + -3154?
-187524
In base 4, what is 32 - -1131101023121?
1131101023213
In base 2, what is 1010010001 - 100100000000011?
-100010101110010
In base 16, what is 30edb - -57?
30f32
In base 9, what is 11 + 53763114?
53763125
In base 15, what is 3b6c0 - -8?
3b6c8
In base 7, what is 5 - 131251154?
-131251146
In base 9, what is 5 - -5823024?
5823030
In base 14, what is 6aa + -323b?
-2971
In base 12, what is 45b9656 + 4?
45b965a
In base 12, what is 247b637 - -1?
247b638
In base 5, what is -343200442 + 434?
-343200003
In base 14, what is -9a - c27367?
-c27423
In base 5, what is -332 + -412012?
-412344
In base 9, what is -42521 - -16?
-42504
In base 13, what is 524b6 + 2?
524b8
In base 9, what is -141206 + 3688?
-136407
In base 4, what is 1022323120 - 210?
1022322310
In base 13, what is -33797aa + 5?
-33797a5
In base 6, what is -5 - 222411425?
-222411434
In base 9, what is 14788205 - 48?
14788146
In base 9, what is -1030 + -57177?
-58217
In base 4, what is 2201 + -3302000223?
-3301332022
In base 16, what is 16f2e2 + 0?
16f2e2
In base 5, what is 221 - 1140211332?
-1140211111
In base 6, what is -4034544 - -31?
-4034513
In base 9, what is -1238338 - -8?
-1238330
In base 14, what is 675461 - 3?
67545c
In base 2, what is 10111000011011 - 100011010110011?
-1100010011000
In base 4, what is -33230 + -1112211?
-1212101
In base 7, what is -64604130 - -2?
-64604125
In base 3, what is 2101200221022 - -12?
2101200221111
In base 4, what is 1 + 100313230220121?
100313230220122
In base 4, what is -331032110 - 11203?
-331103313
In base 10, what is 13 + -11877062?
-11877049
In base 4, what is 11232 - -11220322?
11232220
In base 14, what is 1066 + 1b908?
1c970
In base 6, what is 500514441 - 4?
500514433
In base 12, what is 6 + -264b11?
-264b07
In base 11, what is -797 - -52804?
52018
In base 3, what is 1020001110 + -100?
1020001010
In base 10, what is -4 - 5481251?
-5481255
In base 12, what is 19a203 + -3?
19a200
In base 8, what is -1 - -332603715?
332603714
In base 10, what is 175 - 12444?
-12269
In base 16, what is -14c098 + -c4?
-14c15c
In base 8, what is -3 + 143720615?
143720612
In base 7, what is -463 + 513130?
512334
In base 8, what is 11144152 + -4?
11144146
In base 11, what is a68a - -33?
a712
In base 14, what is -3 - 4c3066?
-4c3069
In base 13, what is 80 + 250b8c?
250c3c
In base 8, what is 260 + 32675414?
32675674
In base 2, what is -11110011111101110000110010 - 101?
-11110011111101110000110111
In base 12, what is 464 + 252?
6b6
In base 4, what is -2033020130 + -230121?
-2033310311
In base 9, what is 23677 - 12583?
11084
In base 3, what is 21100 - 210020021?
-202221221
In base 15, what is -30556d7 + -7?
-30556de
In base 10, what is -8004595 - -14?
-8004581
In base 9, what is 2 - 11000150?
-11000147
In base 8, what is -36 - -4243037?
4243001
In base 8, what is -2241262 - 615?
-2242077
In base 14, what is c675 + -21d?
c456
In base 14, what is -4b + -c4650?
-c469b
In base 9, what is 304 - 21274?
-20870
In base 9, what is 5 + -206011140?
-206011134
In base 16, what is 4e2 + 267?
749
In base 6, what is 3012 + 23210?
30222
In base 15, what is 11ecb7a + 4?
11ecb7e
In base 14, what is 39c5 - ac6?
2cdd
In base 8, what is 33747325 + -12?
33747313
In base 7, what is 445 - 4514534?
-4514056
In base 3, what is 1102110102 - 111002?
1101222100
In base 2, what is -111110110100101011 + 11011100010?
-111110011001001001
In base 8, what is -31065 + 26615?
-2250
In base 3, what is -110112200212102 - -120?
-110112200211212
In base 15, what is c - 1d401?
-1d3e4
In base 2, what is 101000000001111001000 + -111?
101000000001111000001
In base 12, what is -207258 - -61?
-2071b7
In base 4, what is -1113132 - 220220?
-2000012
In base 13, what is 2 - -10127aa?
10127ac
In base 16, what is 1252ce - -25?
1252f3
In base 12, what is b88 + -35a0a?
-34a42
In base 5, what is -12 - 3100323221?
-3100323233
In base 15, what is a17 - -190a6?
19abd
In base 7, what is -2 - 2225401?
-2225403
In base 2, what is -11 - 110010101101011010010010?
-110010101101011010010101
In base 9, what is 8436381 + 3?
8436384
In base 5, what is 2 + -12130344113?
-12130344111
In base 7, what is -31410 + 20314?
-11063
In base 12, what is -12628 - 2052?
-1467a
In base 14, what is -2a4bd8b4 + -5?
-2a4bd8b9
In base 13, what is -334 - 15326c?
-1535a3
In base 9, what is -5 + 68711408?
68711403
In base 2, what is -10011111101010000 - 1010010101001?
-10101001111111001
In base 5, what is -3 - 103243022034?
-103243022042
In base 15, what is 3a7654 + e2?
3a7746
In base 4, what is -21100312122 + 30?
-21100312032
In base 11, what is -409904 - -178?
-409737
In base 15, what is 11639 - 82b?
10d0d
In base 13, what is 18986 + -203?
18783
In base 3, what is -12 + -11101101112102?
-11101101112121
In base 13, what is 3 - -28b804b?
28b8051
In base 2, what is 1000111111111101010100 + 0?
1000111111111101010100
In base 16, what is 44cff8 + 17?
44d00f
In base 16, what is 78 + -b209a6?
-b2092e
In base 10, what is 2 - 23037022?
-23037020
In base 12, what is 4 + 5185235?
5185239
In base 9, what is 7348 + -545?
6703
In base 8, what is -577 - 1263173?
-1263772
In base 8, what is 72045372 + -3?
72045367
In base 7, what is 350333 - 615?
346415
In base 3, what is -101012201201001 - -10011?
-101012201120220
In base 5, what is -3302204444 + 12?
-3302204432
In base 13, what is -4 - 9b70c4?
-9b70c8
In base 5, what is 2104 + 41144214?
41201323
In base 5, what is -114230030 + -2124?
-114232204
In base 9, what is -41 - -2036231?
2036180
In base 3, what is -1101200 + 20001211?
11200011
In base 15, what is 0 - 413e4d0?
-413e4d0
In base 5, what is 210020 + -20040223?
-14330203
In base 10, what is 22765 + 1343?
24108
In base 8, what is -64 - 44163606?
-44163672
In base 8, what is -57436521 + 4?
-57436515
In base 6, what is -42 - -24000002?
23555520
In base 7, what is 53 + 2225040?
2225123
In base 9, what is 35002 - -372?
35374
In base 11, what is a5 + -67195?
-670a0
In base 7, what is 66300521 + -11?
66300510
In base 13, what is -3 + -11a0a727?
-11a0a72a
In base 14, what is 9d + 35499?
35558
In base 14, what is -76024 + -8?
-7602c
In base 11, what is 37244a + 146?
372595
In base 12, what is -40 - 853749?
-853789
In base 14, what is -1a6aa12 + b?
-1a6aa05
In base 2, what is -1111111010111011000001101 + 10011?
-1111111010111010111111010
In base 6, what is -1500 - -2414223?
2412323
In base 4, what is -232310 + -10113?
-303023
In base 12, what is 0 + -278972?
-278972
In base 5, what is 322 - -42001344?
42002221
In base 7, what is -561564 + -10160?
-602054
In base 8, what is -1013625 - 37?
-1013664
In base 12, what is -154372a - 0?
-154372a
In base 8, what is 37007466 + 3?
37007471
In base 7, what is -4 - -42422315?
42422311
In base 13, what is 4 + -bab308?
-bab304
In base 14, what is -3 + -16d4ca?
-16d4cd
In base 8, what is 1 + 27170147?
27170150
In base 8, what is 1 + -5370310?
-5370307
In base 9, what is 2 + 1886543?
1886545
In base 9, what is -2015 + -45708?
-47724
In base 5, what is 2021314402431 - -2?
2021314402433
In base 6, what is 42324243 - 30?
42324213
In base 8, what is 102763345 + -2?
102763343
In base 3, what is 210201 - 120021120?
-112110212
In base 16, what is 3f43 + 14e?
4091
In base 10, what is -6456 - -57117?
50661
In base 4, what is -232010311312 - -1?
-232010311311
In base 16, what is 100f - -2c09?
3c18
In base 4, what is 11 + -102322